3
Let o(v) = v**3 - 33*v**2 - 148*v + 63. Let t be o(37). Suppose 0*u + 12 = 2*k + u, -5*k = 2*u - 31. What is the greatest common divisor of t and k?
7
Suppose -2*r = -6, -4 = -3*i + 4*r - 1. Suppose 0 = 4*u + 5*p - 305, i*p = 2*p - 9. Calculate the greatest common factor of 32 and u.
16
Suppose 4*l - 5 - 83 = 0. What is the greatest common factor of 407 and l?
11
Let h(s) = s**2 + 7*s - 20. Let x be h(-16). Calculate the highest common factor of x and 93.
31
Let c(s) = 10*s**2 - s - 23. Let f be c(-13). Suppose -4*u + f = 4*u. Calculate the highest common divisor of 84 and u.
42
Let q(m) = m**3 + 5*m**2 - 26*m. Let l be q(-8). Calculate the highest common factor of 36 and l.
4
Suppose 26*v - 4*v = 2200. Calculate the highest common factor of v and 25.
25
Let v = -154 - -158. What is the greatest common divisor of 8 and v?
4
Suppose 50 = -2*a + 254. What is the highest common divisor of a and 323?
17
Let a(t) = 2*t - 28. Let q(l) = -2*l + 27. Let i(r) = -5*a(r) - 4*q(r). Let f be i(15). Calculate the highest common factor of f and 10.
2
Suppose -128*m + 52*m = -1900. Calculate the highest common factor of m and 3925.
25
Suppose -12*s + 15 = 3*s. Calculate the highest common factor of 7 and s.
1
Let d(l) = l**2 + 1. Let x(p) = p**3 - 6*p**2 + 5*p. Let r be x(5). Let i be d(r). Suppose -i + 10 = j. Calculate the greatest common factor of j and 63.
9
Suppose 2*f - 235 - 37 = 0. Let g be (-1)/4 + f/32. Suppose g*y - 48 = -z, -5*y + 3*z - 21 = -64. Calculate the highest common factor of y and 33.
11
Let t(f) = -7*f + 5. Let l(k) = 6*k - 5. Let d(a) = -2*l(a) - 3*t(a). Let g be d(3). What is the greatest common factor of 2 and g?
2
Suppose -8*z + 132 = -5*z. Calculate the greatest common factor of z and 154.
22
Let c be 2/7 + 3443/77. Calculate the greatest common divisor of 105 and c.
15
Let s = -40 - -45. Let r = s - -19. Calculate the highest common factor of 12 and r.
12
Let b be 40/16*-2*(-142)/5. Calculate the greatest common divisor of b and 2485.
71
Suppose -3*t = -5*l + 2*t - 5, -1 = -5*l - t. Suppose l = -6*c + 387 - 57. What is the greatest common divisor of c and 5?
5
Let c(y) = y**2 - 11*y + 10. Let k be c(8). Let g be ((-35)/k)/((-1)/10). Let r = g - -41. What is the highest common divisor of 128 and r?
16
Let g = -1094 - -1328. What is the highest common factor of 54 and g?
18
Let g(h) = -h - 22. Let p be g(-20). Let i(u) = -14*u. Let y be i(p). Calculate the greatest common divisor of 224 and y.
28
Let i = 7 + -2. Suppose i*p + 330 = -130. Let t = p - -137. Calculate the greatest common factor of 9 and t.
9
Let w(p) = -p**2 - 2 - p - 4*p**2 + 6*p**2. Let u(h) = 2*h - 16. Let d be u(4). Let k be w(d). Calculate the highest common factor of 10 and k.
10
Let o(l) = 24 - 16 - l + 2*l. Let r(c) = c + 3. Let h be r(-7). Let x be o(h). What is the highest common factor of 28 and x?
4
Let y(n) = 3 + 163*n + 10*n**2 - 79*n - 81*n. Let i be y(-2). What is the highest common factor of i and 111?
37
Suppose 96 - 246 = -25*u. What is the greatest common factor of u and 24?
6
Let f(j) = j**2 + 4*j - 1. Let l be f(-10). Calculate the highest common divisor of l and 177.
59
Suppose -n + 0*n = -14. Suppose -200 = -5*y + 5*t, 5*y - 4*t = -0*t + 202. Calculate the highest common divisor of y and n.
14
Let s(z) = -23*z + 160. Let g be s(-20). What is the greatest common divisor of 31 and g?
31
Let x = 304 - 173. Let s = -61 + x. What is the highest common factor of s and 56?
14
Let z = -1211 - -1794. What is the greatest common divisor of z and 212?
53
Suppose -80 = 12*n - 14*n. Let t be -4 - (-6)/(-12)*-28. What is the highest common factor of n and t?
10
Let h(v) = 43*v + 34. Let f be h(8). Calculate the highest common divisor of 14 and f.
14
Suppose -2*x + 1 = -5. Suppose x*d = -3*w + 66, -d + 84 = 3*d + 3*w. Calculate the greatest common factor of d and 72.
18
Let q(r) = r + 1. Let o be q(-2). Let l be 6*30 - (o - 0). Suppose -2*t + h = -91, l + 4 = 4*t - 3*h. Calculate the highest common factor of t and 4.
4
Let y be 64/(-16) - -3 - (1 + -24). Calculate the greatest common factor of 726 and y.
22
Let i(a) = -a - 19. Let r be i(-19). Let d(w) = -w**3 + w**2 - 2*w + 14. Let b be d(r). Calculate the greatest common divisor of b and 35.
7
Suppose -27*y = -115*y + 28512. Let d = 70 - 34. What is the greatest common factor of d and y?
36
Let a(p) = -p**3 + 13*p**2 + 3*p - 36. Let c be a(13). Suppose -c*t = -0*t - 6. What is the highest common divisor of 14 and t?
2
Suppose 137*w - 146*w = -9. What is the greatest common factor of w and 13?
1
Let u(l) = -l**3 + 48*l**2 + 209*l - 41. Let a be u(52). Suppose 3*y + y - 484 = 0. Calculate the highest common factor of y and a.
11
Suppose -5*x - 18 = -43. Suppose 2*m - 5*m + 19 = -2*w, -3*m - 5*w = -x. What is the greatest common factor of m and 25?
5
Suppose 5*y = -4*v, 2*v = 3*v - 5. Let p be 2/(-4) - 146/y. Let k(c) = -9*c**3 - 5*c**2 - c + 4. Let x be k(-1). Calculate the highest common factor of x and p.
9
Let i(d) = 21*d - d**3 + d**2 - 15 - 8*d + 7*d**2. Let y be i(9). Suppose 0 = -4*l + 3*l + 63. What is the highest common divisor of y and l?
21
Let b(u) = -2*u**2 + 54*u + 30. Let z be b(27). What is the highest common factor of 210 and z?
30
Suppose 0 = 4*z - 23 + 7, 3*z + 28 = 2*w. What is the greatest common factor of 15 and w?
5
Suppose 35 = 3*z - 4*g, -9*z + 5*z + 30 = 3*g. What is the greatest common factor of z and 12?
3
Let o = -17 - -27. Let l(f) be the first derivative of 10*f**2 - 4. Let a be l(2). What is the greatest common divisor of o and a?
10
Suppose 0 = 4*w + 2*u - 418, -5*w - 82 + 604 = 3*u. Calculate the highest common divisor of w and 60.
15
Let k = -24 - -128. Suppose -54 - 48 = -5*x - 2*z, -4*z = -4*x + k. Suppose t + x = 3*t. Calculate the highest common factor of 77 and t.
11
Let f = -44 - -49. Suppose 5*p - 5*c - 75 = 0, -f*p + 3*c - 12 = -97. Calculate the greatest common factor of p and 40.
20
Let o be (416/(-78))/(4/(-42)). What is the greatest common divisor of 70 and o?
14
Suppose 0 = -17*i + 20*i - 111. Let n = 179 + i. What is the greatest common factor of 27 and n?
27
Let b = 16 - 18. Let r(c) = -120*c + 3. Let t be r(b). What is the highest common divisor of 27 and t?
27
Let x(r) = -71*r - 111. Let p be x(-12). What is the highest common factor of p and 39?
39
Let x(s) = s**3 + 7*s**2 + 6*s + 7. Let r be x(-6). Let l(k) = 9*k + 37. Let c be l(-4). What is the greatest common factor of c and r?
1
Let y(m) = 36*m**2 - 83*m. Let l be y(6). Calculate the highest common divisor of 63 and l.
21
Suppose 5*z = -0*z - 20. Let h be z/(-6) - (-184)/12. Suppose 0*q + 288 = 2*q. Calculate the highest common factor of h and q.
16
Let d = 42 + -35. Suppose 0 = 2*m - 35 + d. Calculate the greatest common divisor of m and 154.
14
Suppose 5*m - 760 = -0*m + 2*h, 2*h = 0. Let g = m - 116. What is the highest common divisor of 324 and g?
36
Let v be 100/(-15)*6/(-1). Suppose -3*x - 55 = -4*t + 2*t, -3*t = 5*x - 35. What is the greatest common divisor of v and t?
20
Let c be 105 - (-2 - (-2 + -6)). Suppose 0*j = j - 11. What is the greatest common divisor of j and c?
11
Suppose -22*j + 1245 = -17*j. Suppose 3*x + 60 = j. Let u = -11 + 32. Calculate the highest common divisor of u and x.
21
Suppose i + 12 = v, 0 = -4*i + 5*v - 27 - 19. Let s be 7/i - (-85)/2. Calculate the greatest common factor of 14 and s.
14
Let a be (3 - 1)/(4 + -6). Let l be a/4 + 45/36. Let q be (-3 + 1)/l + 20. Calculate the highest common factor of q and 9.
9
Suppose z = 4*z + 33. Let s(o) = -6*o - 27. Let v be s(z). What is the greatest common divisor of 26 and v?
13
Let p = -185 + 245. Calculate the greatest common factor of p and 980.
20
Let x = 3 + 0. Suppose 0 = -0*r + 6*r - 162. What is the greatest common factor of r and x?
3
Let h = -767 + 775. What is the highest common divisor of 24 and h?
8
Suppose 0 = -c + 4 + 2. Let b be (12 - 3) + c/4*-2. What is the highest common factor of 18 and b?
6
Suppose 14*c + 15 = 589. What is the highest common factor of c and 697?
41
Suppose -4*y + 16 = u, 4*u = -0*y + 2*y - 8. Suppose y*c + 0*c - 148 = 0. Calculate the highest common factor of c and 74.
37
Let p(f) be the second derivative of 5*f**4/12 - f**3/3 - f**2/2 + 7*f. Let q = 7 - 8. Let y be p(q). Calculate t